ist the prime factors of f.
3
Suppose 0 = -4*w + 2*j + 2256, -105*w + 2272 = -101*w + 2*j. List the prime factors of w.
2, 283
Let i be 0 + (-340)/(2 - 0). Let q = -51 - i. List the prime factors of q.
7, 17
Let u be 1/6 - (-46)/12. Suppose 6 = 3*b + 5*o, u*o + 1 = b - 1. List the prime factors of b.
2
Suppose 5 = 2*d + 167. Let m = -56 - d. Suppose -3*h = -8*h + m. List the prime factors of h.
5
Let s(x) = 2*x**3 + 22*x**2 + 12*x + 4. What are the prime factors of s(-9)?
2, 5, 11
Let k(z) = 4*z - 84. Let h be ((-29)/2)/1*(-126)/63. List the prime factors of k(h).
2
Let j(c) = 1. Let l(v) = -3*v - 15. Let n(f) = -9*j(f) - l(f). Let m be n(9). Suppose -3*s + m = -36. List the prime factors of s.
23
Let d = 15 - -51. Suppose 0 = -2*p + 52 + d. List the prime factors of p.
59
Let s(x) = 3*x**2 + 13*x + 0*x**2 + 8 - x**2 - 3*x**2. Suppose -4*g - 4*n = -9*g + 49, 1 = g - 3*n. What are the prime factors of s(g)?
2
Suppose 3*u + 7*r - 2235 = 2*r, 0 = -4*r - 12. Suppose -g + 7*g = u. What are the prime factors of g?
5
Suppose 2*v + 889 = f + 3816, -v + 1436 = 5*f. List the prime factors of v.
3, 487
Let j(v) = -v**3 - 5*v**2 + 5*v + 3. Suppose -2*a - a - 18 = 0. Let m be j(a). Suppose m + 15 = 4*i. What are the prime factors of i?
2, 3
Let a = -91 - -61. Let g = 35 + a. Suppose 5*y + b = 214 - 43, -2*y + g*b + 90 = 0. List the prime factors of y.
5, 7
Let a = 922 + -243. What are the prime factors of a?
7, 97
Let y be 1*14 - 24/(-8). Let u = -6 + y. Suppose -4*g + 5*g = u. List the prime factors of g.
11
Let y(d) = 23*d - 89. List the prime factors of y(4).
3
Suppose 44334 = 18*w + 9*w. List the prime factors of w.
2, 821
Let h = 7 - -1. List the prime factors of 230/h + (-6)/8.
2, 7
Suppose 72 = u - 0*u. List the prime factors of -2 + 4 + (u - 1).
73
List the prime factors of 2712/5 - (1 + 30/(-50)).
2, 271
Let d(l) = -l**3 + 16*l**2 - 16*l + 2. Let i be d(15). Let r = i - -27. List the prime factors of r.
2, 7
Let x(o) = 2*o + 5. Let s be x(-5). Suppose 3*t - 2252 = -5*a, 3*a + t + t - 1352 = 0. List the prime factors of (-1)/s + a/35.
13
Suppose 7*n = -2*n + 90. What are the prime factors of n/(((-4)/74)/(-1))?
5, 37
Suppose -12 - 13 = -5*j. Suppose -5*t - j + 25 = 0. What are the prime factors of t/(-2) - (-174)/6?
3
Let c = 9631 + -5270. List the prime factors of c.
7, 89
Let w(s) = 13*s + 43. Let v(n) = 168*n + 560. Let o(q) = -6*v(q) + 77*w(q). What are the prime factors of o(-15)?
2, 7
Suppose -11*j = -6*j - 10, -5*g = 3*j - 9121. List the prime factors of g.
1823
Suppose 7*x - 15 = -5*j + 2*x, 5*x = 0. Suppose -j*i + 617 = 77. What are the prime factors of i?
2, 3, 5
Let p = 4573 - 2284. List the prime factors of p.
3, 7, 109
Let p(h) = 141*h**2 - 38*h - 12. What are the prime factors of p(5)?
3323
Let g = -20 - -49. Suppose 2*l - 31 - 9 = 0. Suppose 5*p - 19 = -h + g, 0 = 5*p - l. What are the prime factors of h?
2, 7
Let f(d) = 2*d - 3. Let z be f(3). Suppose 2*c - 19 = -s - 3*c, 3*s - 5*c + z = 0. Let b(g) = 3*g - 2. What are the prime factors of b(s)?
2, 5
Let d(h) = h - 13. Let f(x) be the third derivative of x**4/24 - 13*x**3/6 + 4*x**2. Let o(i) = 5*d(i) - 6*f(i). List the prime factors of o(9).
2
Let y = 5039 - 2101. List the prime factors of y.
2, 13, 113
Suppose 3 = t + 1. Suppose b = -t + 5. Suppose 0 = -q + b, -2*r - 2*q + q + 61 = 0. What are the prime factors of r?
29
Let l = -801 - -2251. List the prime factors of l.
2, 5, 29
Let w = -1000 - -3033. What are the prime factors of w?
19, 107
Let d(o) = -o**3 + 17*o**2 + 6*o - 8. What are the prime factors of d(16)?
2, 43
Let u = 2068 - 630. What are the prime factors of u?
2, 719
Let q(h) = -14*h**3 + h**2 - 3*h - 10. List the prime factors of q(-3).
2, 193
Suppose -5*c + 5*p = -20, 3*p = c - 2*p - 4. Let d be (-5 + c)*14/(-2). Suppose 3*b - 82 = -d. List the prime factors of b.
5
What are the prime factors of (-4)/(24 - 4) - (-52)/10?
5
Let z(p) = p**2 - 8*p + 5. Let h be z(7). Let c be ((-26)/5)/(h/10). Let n = c + -10. List the prime factors of n.
2
Let u = 3544 + -501. List the prime factors of u.
17, 179
Let y(i) = 35*i**2 + 80*i + 10. What are the prime factors of y(5)?
5, 257
Let m = 12 + -10. Suppose 6*t - m*w - 152 = 2*t, -t - 5*w = -16. List the prime factors of t.
2, 3
Let c be 2/(1 + (-141)/144). Suppose -13*o - c = -1201. List the prime factors of o.
5, 17
Let f be (-35 + 2)*6/(-18). Suppose -26 = -5*n - f. Suppose -n*d + 156 = d. List the prime factors of d.
3, 13
Let v(g) = 142*g + 228. What are the prime factors of v(25)?
2, 1889
Let k(q) be the second derivative of 5*q**4/6 - 3*q**3/2 - 9*q**2/2 + 45*q. What are the prime factors of k(5)?
2, 7
Let o(f) = f - 4. Let y be o(4). What are the prime factors of (-1 - -2) + y + (47 - -3)?
3, 17
Let r = 3 + 148. What are the prime factors of r?
151
Suppose 3*b - 6*b = 24. Let x be (-2)/b + 380/80. Suppose -6*f + 2*f - 134 = -3*w, -x*w - 4*f + 170 = 0. List the prime factors of w.
2, 19
Let q be ((-64)/(-10))/(18/45). Let i = q + -17. What are the prime factors of (3 - 5)*-5 + i?
3
Let s(l) = l**3 - 4*l**2 - 25*l + 19. What are the prime factors of s(13)?
3, 5
Let x(k) = -2*k + 32. Let t be x(16). Suppose 10*p = -t*p + 2970. List the prime factors of p.
3, 11
Suppose 2*n + 4 = 2*y, 2*y + 0*n - 13 = -n. Suppose -y*r + 1 + 9 = 0. List the prime factors of r.
2
Suppose 5*d + 251 = -3*o, -2*d - 3*o = -o + 98. Let p be ((-9)/6)/(3/d). Suppose -j + 4*j = 0, 2*l = j + p. List the prime factors of l.
13
Suppose 6*l - 3*l = 6. Let p(x) = 0*x - l*x - 3 - x. List the prime factors of p(-5).
2, 3
Let t(u) = u**3 - 7*u**2 + 10*u + 8. Let i be t(5). Suppose i*p - p = 1085. What are the prime factors of p?
5, 31
Suppose -5*l + 1151 = -134. Let z = l + -94. Suppose 59 = -2*y + z. List the prime factors of y.
2, 13
Let g = 7085 - 3406. What are the prime factors of g?
13, 283
Suppose 3*p - 4*g - 2416 + 908 = 0, 1979 = 4*p + g. What are the prime factors of p?
2, 31
Let c(p) = -117*p + 395. What are the prime factors of c(-25)?
2, 5, 83
Let b be (-6)/3 + 5 - 3. Suppose z + z - 34 = b. List the prime factors of z.
17
Let y = 7 + -5. Suppose 0 = -y*p - 3*p + 140. Suppose g = -o + p, -3*g - 4*o = -6*g + 70. What are the prime factors of g?
2, 13
List the prime factors of 58/319 - (-3034)/11.
2, 3, 23
Suppose 3*x + 2*d = 26, -15 - 11 = -x - 5*d. Let a(t) = 4*t**2 - 9*t + 11. List the prime factors of a(x).
101
Let g be 6/(-2) + 92/1. Suppose -11 = 5*p + g. Let n = 53 + p. What are the prime factors of n?
3, 11
Let d = -6 + 11. Suppose c + d*a - 22 = 7, -5*c + 25 = a. Suppose -5*p = -c*p - 25. What are the prime factors of p?
5
Suppose 3*b + 2*a = -78 + 284, 4*a = b - 92. List the prime factors of (128/6 + 0)*b/32.
2, 3
Let p(y) = 24*y + 65. List the prime factors of p(18).
7, 71
Suppose 7*w - 5*m - 57 = 4*w, -2*w + 4*m + 38 = 0. Let n = w - -20. Let d = 90 - n. List the prime factors of d.
3, 17
Let y(r) = -r**2 + 6*r + 8. Let t = -12 - -18. Let x be y(t). Suppose 12 + x = d. What are the prime factors of d?
2, 5
Let i be 190 + 2*(-15)/10. Let q = i + 0. What are the prime factors of q?
11, 17
Let u(b) = b**2 - 2*b - 9. Let f be u(0). Let y(s) = -s**3 - 10*s**2 - 8*s + 11. Let v be y(f). Suppose -v*i = -4*i + 160. List the prime factors of i.
2, 5
Let s be 8 + -2*2/2. Let t(w) = 16*w + 21. List the prime factors of t(s).
3, 13
Let j(w) = -96*w**3 + 3*w**2 - 5*w - 4. What are the prime factors of j(-2)?
2, 3, 131
Let m(f) = -f**2 + 11*f - 10. Let r be m(10). Suppose r = 5*p - 462 + 137. List the prime factors of p.
5, 13
Suppose 4*b = -f + 3*f + 644, 3*f + 969 = 3*b. List the prime factors of (f/(-4))/3 + -3.
2, 3
Suppose -4*r = -3*m + 280, r = 3*m - 2*m - 92. Suppose 0 = l - 4, 0*z + 4*z - 3*l = -m. Let w = 44 - z. What are the prime factors of w?
3, 7
Let n be ((-174)/(-9))/((-5)/(-60)). Suppose -5*h = -h - n. Suppose -194 = -4*y + h. List the prime factors of y.
3, 7
Suppose 0 = -4*d + 4*w - 348, 5*d + 470 = -9*w + 7*w. Let n = -65 - d. What are the prime factors of n?
3
Suppose -3*l - 1 = 5*f - 27, 0 = -4*l + 2*f. Suppose -4*y - 68 = -2*g, y + 3*g + 17 = -l*g. Let a = -4 - y. List the prime factors of a.
13
List the prime factors of ((-3780)/162)/((-2)/174 - 0).
2, 5, 7, 29
Let b(x) = -x**3 - 12*x**2 - 13*x + 3. Let o be b(-11). Suppose